 - 5*h - 2. Let w = -266 + 270. What is x(w)?
-6
Let a(g) be the third derivative of 0*g**3 + 0*g + 0 - 22*g**2 + 1/60*g**5 - 1/12*g**4. Give a(3).
3
Let p(f) be the first derivative of -14 - 2*f - 1/2*f**2. Let q = 2 + -8. Calculate p(q).
4
Suppose 5*x - 20 = -5*c, -x - 2 = -4*c + 2*c. Let z(f) = -3*f - f**2 - f**3 - f**2 - 4*f**c + 6. Let g be (-86)/18 + 2/(-9). Calculate z(g).
-4
Let y(r) = r**3 + 2*r**2 - 4*r + 1. Let m be y(-3). Suppose -4*k - 41 = -m*z - k, 2*z = k + 21. Let u = z + -6. Let a(o) = -o**2 + 5*o + 7. Give a(u).
7
Suppose 5*b = 3*a + 9, 4*b - 2*a - 2*a = 12. Suppose 0 = 4*o - n - 28, 0*n - 22 = -3*o + n. Let v = b + o. Let i(u) = u**3 - 7*u**2 + 4*u + 5. What is i(v)?
-7
Suppose 50 + 75 = 5*g. Suppose 0*k = 5*k - g. Suppose 0 = k*y + 5*q, y + 0*y - q = 4. Let x(m) = -m**2 + 2*m - 1. What is x(y)?
-1
Let r(z) = -3*z**3 + 3*z**2 + 0*z**2 - z - 2*z**2. Suppose 6 - 9 = -3*b. Suppose -3*s + 4*s - b = 0. What is r(s)?
-3
Let x be 42/4 - (-4)/(-16)*-2. Suppose 6 = -x*t + 28. Let g(k) = 2*k**2 - 3*k + 1. Calculate g(t).
3
Let q(u) = 9*u + 1. Let f(g) = -2*g**2 - 45*g + 24. Let z be f(-23). Give q(z).
10
Let f(d) = d**3 - d + 14. Let b be f(0). Let a(c) = -c**3 + 13*c**2 + 12*c + 17. What is a(b)?
-11
Let q(l) = 2*l - 1 + l**2 - 2*l + l. Let i be 5 - (1 + 2)*11. Let j be (i/21)/(-1 - (-2)/(-6)). Give q(j).
1
Let d(j) = 2*j + 9. Suppose -82 - 62 = 24*w. Determine d(w).
-3
Suppose -l - 5*q = 22, 6*l - 16 = 4*l + 5*q. Let u(p) = 2*p**2 + 3*p + 2. Give u(l).
4
Let u(r) = 2*r - 11. Let f(t) = 3*t - 12. Let h be (-23)/69 - 16/6. Let a(x) = h*f(x) + 4*u(x). Give a(-8).
0
Let b(j) be the third derivative of 0 + 1/30*j**5 + 1/24*j**4 + 19*j**2 + 1/6*j**3 + 0*j. Determine b(-2).
7
Let d(v) = v**3 + 5*v**2 - 4*v + 7. Let g be (3 - (-258)/(-30)) + 4/(-10). Give d(g).
-5
Let z(j) = -3*j**3 + 8*j**2 + 6*j - 1. Let a(r) = 2*r**3 - 5*r**2 - 5*r + 2. Let m(u) = 4*a(u) + 3*z(u). Determine m(4).
-3
Let s(p) = -2*p + 1. Suppose 0 = -3*l + 5*l - 10. Suppose -o - l*h - 23 = 0, -3*o - 3*h = -2 + 11. Suppose -o*z + 6*z = 8. Give s(z).
-3
Suppose l - 6 = -2*l. Let i(u) = u**2 - u - 1. Let a(m) = -2*m**2 + 2*m + 5. Let s(o) = -a(o) - 3*i(o). Calculate s(l).
-4
Let b be 9/18*(0 - -4*1). Let z(t) = 6*t - 5. What is z(b)?
7
Suppose q + 60 = 5*t, -72*t - 36 = -75*t - 2*q. Let s(n) = -n**2 + 10*n + 20. Determine s(t).
-4
Let q(v) = v + 1. Let p(r) = r. Let t(c) = 6*p(c) - 5*q(c). Let u = -223 + 337. Suppose u = -5*o + 84. What is t(o)?
-11
Let a(k) = -2*k**2 + 4*k - 2. Suppose -3*b - 2*b = 40. Let v = b - -12. Suppose -2*i - v = -4*i. Calculate a(i).
-2
Let j(y) = y**3 - 5*y**2 + y + 4. Let h(f) be the third derivative of -f**6/40 + f**5/30 + f**4/24 + 7*f**2. Let o be h(-1). Determine j(o).
-8
Let h(n) = -5*n**3 - 16*n**2 - 5*n - 4. Let z(p) = -4*p**3 - 13*p**2 - 4*p - 4. Let r(x) = 5*h(x) - 6*z(x). Determine r(0).
4
Let n(o) = 2. Let p(z) = -z + 10. Let r(q) = -11*n(q) + 2*p(q). Give r(-5).
8
Let q(t) = -8*t**2 + t. Let r(u) = 32*u + 193. Let m be r(-6). Give q(m).
-7
Let y(u) = -4 - 3288*u + 6600*u - 3310*u. Let p be (5 - 1)/((-2)/(-4)). What is y(p)?
12
Let q(t) = -138 + 69 - t + 72. Calculate q(-3).
6
Let z(t) = -t + 3. Suppose -44 = 4*r - 272. Let v = -62 + r. Calculate z(v).
8
Let v(i) = -8*i + 195. Let b be v(24). Let s(z) be the second derivative of 0 - 1/2*z**2 + 8*z + 5/2*z**b. Determine s(1).
14
Let h(k) = -10*k - 6. Let z be h(-1). Let d(o) = 1. Suppose v + v - 2 = 0. Let i(x) = -2*x - 7. Let u(m) = v*i(m) + 5*d(m). Calculate u(z).
-10
Let q(k) = -2*k + 14. Suppose -38*m = -39*m + 4*l + 10, -5*l - 20 = -2*m. Calculate q(m).
-6
Let c(n) = n**3 - 18. Suppose -5*w + 2*w + 21 = 0. Suppose -w*k + 7 = 21. Let g be 1 + k/(-4)*-2. Determine c(g).
-18
Suppose 27*k - 68 = 44*k. Let d be 6 - 1 - -2*1. Let a(y) = 3*y**2 + 4*y + 3. Let g(w) = -10*w**2 - 12*w - 10. Let o(n) = d*a(n) + 2*g(n). Determine o(k).
1
Let a(i) = 882*i**2 + 13 + 14*i - 883*i**2 + 6. Let u be a(15). Let z(w) = -w**3 + 5*w**2 - 3*w + 2. What is z(u)?
6
Suppose -30 = -5*i + 4*l + l, 0 = 4*i + 5*l - 6. Let y be 2/(-8) - (-3 + 121/(-4)). Let t(u) = -2 + u + u - y*u**2 + u**3 + 29*u**2. Give t(i).
6
Suppose 4*i = 4*s + s + 15, -2*s + 2 = 0. Suppose -5*d - m = -6, 0*d - i*d = 4*m + 6. Let r(g) be the third derivative of g**4/24 - g**3/2 + 2*g**2. Give r(d).
-1
Let b be 10 + ((-3)/3 - 5) + 0. Let t(d) be the first derivative of 2*d - 1/2*d**b + 4/3*d**3 - 5 - 3/2*d**2. What is t(2)?
-4
Let z be 3 - -1 - (-1 - -6). Let d be 4/(-6)*3 - z. Let a(i) = 12*i**2 - 1. Give a(d).
11
Suppose 0*f - 12 = -4*f. Suppose -f*s + s = 2. Let h(g) = 2*g**2 - 250381 + 250381. What is h(s)?
2
Let k be (-1)/(-3)*((-20)/5 - 14). Let f(x) = x**3 + 5*x**2 - 7*x - 9. Calculate f(k).
-3
Let d(j) = -5*j - 1. Let c(k) = k + 1. Let l be -1 - -3 - (-10 - -9). Let i(u) = l*c(u) + d(u). What is i(4)?
-6
Let v(o) = -o**2 - 6*o - 1. Suppose 4*b = 3*l - 54 - 11, 2*l - 50 = 4*b. Suppose 0 = -p - 2*p - 2*m - l, 0 = 2*m. What is v(p)?
4
Let h(l) = 13*l - 20. Let z(d) = -3*d + 4. Let s(b) = 2*h(b) + 9*z(b). What is s(-6)?
2
Suppose -3*h = -q - 14, -5*h = 4*q - 7 - 5. Let l(u) = -u**2 + h - 3*u - 2 + 1. Determine l(2).
-7
Let r(a) be the second derivative of a**3/6 - 7*a**2/2 + 69*a. Give r(8).
1
Let y(q) = -29*q + 41. Let m be y(1). Let j(d) = -d**2 + 12*d - 7. Give j(m).
-7
Let v(h) be the second derivative of -1/2*h**2 + 2 - 5*h + 1/6*h**3. Let o = -6 - -8. Give v(o).
1
Let y = 24 + -16. Suppose 2*k + v - y = 0, -5*v = -2*k + 7*k - 25. Suppose -k*j - g + 6*g = 43, j = -3*g + 9. Let b(m) = m**2 + 9*m + 8. Calculate b(j).
-10
Let z(j) = 3*j - 22. Let k(a) = -a + 8. Let n(g) = -7*k(g) - 2*z(g). Determine n(5).
-7
Let t(b) = b**3 - 9*b**2 + 2*b - 10. Suppose 0 = -2*n - 2*h + 16, 0 = -5*n + 5*h + 51 - 1. Give t(n).
8
Let u(r) = 172*r**3 - 3 - 185*r**3 - r**2 + 17. Let v(n) be the first derivative of -7*n**4/4 + 7*n + 2. Let i(x) = 6*u(x) - 11*v(x). Give i(-6).
7
Let g(s) = -8*s. Let k(v) = -2*v. Let u(j) = -6*g(j) + 26*k(j). Suppose 6*i - 3 = 9*i. Determine u(i).
4
Let j = 290 - 302. Let o(t) = -t**3 - 13*t**2 - 13*t - 7. Calculate o(j).
5
Suppose 0*l - l = -4*u - 6, -l = 2*u. Let f(d) = -d**3 + 3*d - l*d - 3 + 0. Suppose -4*n = 4*y - 4, 0 = 5*n - 2*y + 4 - 2. Give f(n).
-3
Let y(p) = 4*p**3 - 25*p**2 + 10*p - 15. Let m(u) = 5*u**3 - 28*u**2 + 10*u - 16. Let l(q) = 5*m(q) - 6*y(q). What is l(-11)?
-1
Let j(c) = 3*c**3 - c**2 + c + 1. Let l(y) = y**3. Let f(h) = j(h) - 2*l(h). Let p(q) = 9*q**3 - 2*q**2 + 3*q + 2. Let d(m) = 3*f(m) - p(m). Determine d(1).
-6
Let h(n) = -2*n**2 + 5 - 6*n**3 + 6*n + n - 4*n**2 + 5*n**3. Determine h(-7).
5
Suppose -5*v + 4*c - 73 + 30 = 0, -2*v = -3*c + 20. Let a(b) = -b - 8. Calculate a(v).
-1
Let q(j) = 8*j**2 - j + 1. Let r be q(1). Let x(i) be the first derivative of i**2/2 - 3*i + 137. What is x(r)?
5
Let m(g) = -11*g - 55. Let n(h) = 2*h + 3. Let q(k) = -m(k) - 5*n(k). Calculate q(-14).
26
Let k(d) = -3*d**2 - 3*d + 1. Let o be ((-1)/(-3))/(7/(-63)). What is k(o)?
-17
Suppose -m - 8 = -2. Let u be 3 + ((-2)/(-3) - (-16)/m). Let i(o) = -10*o. Determine i(u).
-10
Let o(g) = g**3 + 6*g**2 + 3*g. Let d(l) be the first derivative of -l**3/3 - 4*l**2 - 5*l - 11. Let w be d(-8). Give o(w).
10
Let t(x) be the first derivative of 2*x**3/3 + x**2/2 - 538. Calculate t(-1).
1
Suppose -19 = -3*n + p, -p - 13 = 5*n - 50. Suppose n*u = 2*u + 20, -3*b - 4*u + 28 = 0. Let c(l) = 7*l - 1 - 2*l - b*l. Determine c(-4).
-5
Let s(i) = -5*i + 4. Let a(b) = -13*b + 19. Let f(w) = -19*w + 29. Let k(h) = 8*a(h) - 5*f(h). Let n(d) = -6*k(d) + 11*s(d). Determine n(-2).
4
Let b be 2/(2 - (-12)/(-9)). Let d be (-4)/(-6)*9/b. Let v(c) = -d*c - 7 + c + 2*c. Give v(3).
-4
Suppose u - 37 = 4*i + i, -2*i + 14 = 2*u. Suppose -8*y - 4*y = -u. Let k(a) be the first derivative of a**4 + 2*a**3/3 - a + 1. Determine k(y).
5
Let o be ((-3)/2)/(9/(-42)). Suppose o*g = g + 174. Let l = 34 - g. Let d(v) = v**2 - 4*v - 6. Determine d(l).
-1
Let t(r) = 2*r**2 + 0 + 2 - 5 - r**2. Let p(n) = -n**2 + 6*n - 2. Suppose 4*q - 2*z = 20, 4*q + 4 - 24 = -z. Let d be p(q). Give t(d).
6
Suppose -13*a - 101*a = -1254. Let o(p) = p**3 - 12*p**2 + 17*p - 16. What is o(a)?
50
Let m(p) = 3*p**2 + 6*p - 12. Let z(k) = -k**2 - 2*k + 4. Suppose -4*r - q = 44, 0 = 6